{"id":1060,"date":"2018-10-23T13:47:21","date_gmt":"2018-10-23T11:47:21","guid":{"rendered":"https:\/\/triton.u707.jussieu.fr\/hepatherWPpreprod\/?page_id=1060"},"modified":"2022-03-30T14:59:05","modified_gmt":"2022-03-30T12:59:05","slug":"pharmacovigilance","status":"publish","type":"page","link":"https:\/\/triton.iplesp.upmc.fr\/hepather_ANRS\/la-cohorte\/description-de-la-cohorte\/pharmacovigilance\/","title":{"rendered":"Pharmacovigilance"},"content":{"rendered":"<p>La pharmacovigilance consiste \u00e0 observer les risques li\u00e9s aux m\u00e9dicaments, c&rsquo;est-\u00e0-dire \u00e0 toute manifestation nocive survenant chez une personne qui se pr\u00eate \u00e0 une recherche biom\u00e9dicale, que cette manifestation soit li\u00e9e ou non \u00e0 la recherche ou au m\u00e9dicament exp\u00e9rimental sur lequel porte cette recherche.<br \/>Elle sert principalement de support pour la Haute Autorit\u00e9 de Sant\u00e9 &#8211; HAS \u2013 mais \u00e9galement pour le minist\u00e8re de la Sant\u00e9 et l\u2019Agence Nationale de s\u00e9curit\u00e9 du m\u00e9dicament et des produits de sant\u00e9 &#8211; ANSM.<br \/>Ainsi, les <b>\u00e9v\u00e9nements ind\u00e9sirables<\/b> \u2013 EI &#8211; survenant durant l&rsquo;\u00e9tude sont \u00e0 d\u00e9clarer dans le formulaire \u00e9lectronique &#8211; e-CRF :<\/p>\n<p style=\"padding-left: 30px;\">\u2013 pour les <strong>patients ayant ou ayant eu une h\u00e9patite B<\/strong> et pour les <strong>patients ayant ou ayant eu une h\u00e9patite C hors p\u00e9riode de traitement<\/strong>, uniquement les EIs s\u00e9v\u00e8res c\u2019est-\u00e0-dire de grades 3 et 4 (selon les grades ANRS),<\/p>\n<p style=\"padding-left: 30px;\">\u2013 pour les <strong>patients ayant une h\u00e9patite C durant la p\u00e9riode de traitement<\/strong>, les EIs de tout grade durant toute la dur\u00e9e du traitement.<\/p>\n<p>Les <strong>\u00e9v\u00e9nements ind\u00e9sirables graves<\/strong> &#8211; EIG \u2013 est un \u00e9v\u00e8nement:<\/p>\n<p style=\"padding-left: 30px;\">&#8211; dont l&rsquo;\u00e9volution est fatale,<\/p>\n<p style=\"padding-left: 30px;\">&#8211; ou qui est met en danger la vie de la personne qui se pr\u00eate \u00e0 la recherche,<\/p>\n<p style=\"padding-left: 30px;\">&#8211; ou qui entra\u00eene une incapacit\u00e9 ou un handicap important ou durable,<\/p>\n<p style=\"padding-left: 30px;\">&#8211; ou qui provoque une hospitalisation ou une prolongation d&rsquo;hospitalisation<\/p>\n<p style=\"padding-left: 30px;\">&#8211; ou qui a pour cons\u00e9quence une anomalie ou une malformation cong\u00e9nitale<\/p>\n<p style=\"padding-left: 30px;\">&#8211; ou tout autre \u00e9v\u00e9nement ne r\u00e9pondant pas aux qualifications \u00e9num\u00e9r\u00e9es ci-dessus, mais pouvant \u00eatre consid\u00e9r\u00e9 comme \u00ab potentiellement grave \u00bb notamment certaines anomalies biologiques<\/p>\n<p style=\"padding-left: 30px;\">&#8211; ou \u00e9v\u00e9nement m\u00e9dicalement pertinent selon le jugement de l\u2019investigateur<\/p>\n<p style=\"padding-left: 30px;\">&#8211; ou encore un \u00e9v\u00e9nement n\u00e9cessitant une intervention m\u00e9dicale pour pr\u00e9venir l\u2019\u00e9volution vers un des \u00e9tats pr\u00e9cit\u00e9s.<\/p>\n<p>Tous les EIGs sont suivis jusqu&rsquo;\u00e0 leur r\u00e9solution ou leur stabilisation le cas \u00e9ch\u00e9ant.<br \/>Ces d\u00e9clarations se font en temps r\u00e9el, sans attendre la visite de suivie pr\u00e9vue au protocole.<br \/>Les grossesses doivent \u00eatre d\u00e9clar\u00e9es dans les 24 heures au Centre de M\u00e9thodologie et de Gestion &#8211; CMG et sont suivies \u00e0 l&rsquo;accouchement via un formulaire de d\u00e9claration compl\u00e9mentaire de grossesse \u00e0 compl\u00e9ter.<br \/><b>Processus de d\u00e9claration en cas d&rsquo;EIG :<\/b><br \/><br \/><\/p>\n\n\n<figure class=\"wp-block-image size-full\"><img data-recalc-dims=\"1\" loading=\"lazy\" decoding=\"async\" width=\"640\" height=\"387\" data-attachment-id=\"3319\" data-permalink=\"https:\/\/triton.iplesp.upmc.fr\/hepather_ANRS\/la-cohorte\/description-de-la-cohorte\/pharmacovigilance\/pharmacovigilance-2\/\" data-orig-file=\"https:\/\/i0.wp.com\/triton.iplesp.upmc.fr\/hepather_ANRS\/wp-content\/uploads\/2022\/03\/pharmacovigilance.png?fit=646%2C391&amp;ssl=1\" data-orig-size=\"646,391\" data-comments-opened=\"1\" data-image-meta=\"{&quot;aperture&quot;:&quot;0&quot;,&quot;credit&quot;:&quot;&quot;,&quot;camera&quot;:&quot;&quot;,&quot;caption&quot;:&quot;&quot;,&quot;created_timestamp&quot;:&quot;0&quot;,&quot;copyright&quot;:&quot;&quot;,&quot;focal_length&quot;:&quot;0&quot;,&quot;iso&quot;:&quot;0&quot;,&quot;shutter_speed&quot;:&quot;0&quot;,&quot;title&quot;:&quot;&quot;,&quot;orientation&quot;:&quot;0&quot;}\" data-image-title=\"pharmacovigilance\" data-image-description=\"\" data-image-caption=\"\" data-medium-file=\"https:\/\/i0.wp.com\/triton.iplesp.upmc.fr\/hepather_ANRS\/wp-content\/uploads\/2022\/03\/pharmacovigilance.png?fit=300%2C182&amp;ssl=1\" data-large-file=\"https:\/\/i0.wp.com\/triton.iplesp.upmc.fr\/hepather_ANRS\/wp-content\/uploads\/2022\/03\/pharmacovigilance.png?fit=640%2C387&amp;ssl=1\" src=\"https:\/\/i0.wp.com\/triton.iplesp.upmc.fr\/hepather_ANRS\/wp-content\/uploads\/2022\/03\/pharmacovigilance.png?resize=640%2C387&#038;ssl=1\" alt=\"\" class=\"wp-image-3319\" srcset=\"https:\/\/i0.wp.com\/triton.iplesp.upmc.fr\/hepather_ANRS\/wp-content\/uploads\/2022\/03\/pharmacovigilance.png?w=646&amp;ssl=1 646w, https:\/\/i0.wp.com\/triton.iplesp.upmc.fr\/hepather_ANRS\/wp-content\/uploads\/2022\/03\/pharmacovigilance.png?resize=300%2C182&amp;ssl=1 300w\" sizes=\"auto, (max-width: 640px) 100vw, 640px\" \/><\/figure>\n","protected":false},"excerpt":{"rendered":"<p>La pharmacovigilance consiste \u00e0 observer les risques li\u00e9s aux m\u00e9dicaments, c&rsquo;est-\u00e0-dire \u00e0 toute manifestation nocive survenant chez une personne qui se pr\u00eate \u00e0 une recherche biom\u00e9dicale, que cette manifestation soit li\u00e9e ou non \u00e0 la recherche ou au m\u00e9dicament exp\u00e9rimental sur lequel porte cette recherche.Elle sert principalement de support pour la Haute Autorit\u00e9 de Sant\u00e9 [&hellip;]<\/p>\n","protected":false},"author":2,"featured_media":0,"parent":165,"menu_order":0,"comment_status":"closed","ping_status":"closed","template":"","meta":{"_bbp_topic_count":0,"_bbp_reply_count":0,"_bbp_total_topic_count":0,"_bbp_total_reply_count":0,"_bbp_voice_count":0,"_bbp_anonymous_reply_count":0,"_bbp_topic_count_hidden":0,"_bbp_reply_count_hidden":0,"_bbp_forum_subforum_count":0,"jetpack_post_was_ever_published":false,"footnotes":""},"class_list":["post-1060","page","type-page","status-publish","hentry"],"yoast_head":"<!-- This site is optimized with the Yoast SEO plugin v27.2 - https:\/\/yoast.com\/product\/yoast-seo-wordpress\/ -->\n<title>Pharmacovigilance - ANRS CO22 HEPATHER<\/title>\n<meta name=\"robots\" content=\"index, follow, max-snippet:-1, max-image-preview:large, max-video-preview:-1\" \/>\n<link rel=\"canonical\" href=\"https:\/\/triton.iplesp.upmc.fr\/hepather_ANRS\/la-cohorte\/description-de-la-cohorte\/pharmacovigilance\/\" \/>\n<meta property=\"og:locale\" content=\"fr_FR\" \/>\n<meta property=\"og:type\" content=\"article\" \/>\n<meta property=\"og:title\" content=\"Pharmacovigilance - ANRS CO22 HEPATHER\" \/>\n<meta property=\"og:description\" content=\"La pharmacovigilance consiste \u00e0 observer les risques li\u00e9s aux m\u00e9dicaments, c&rsquo;est-\u00e0-dire \u00e0 toute manifestation nocive survenant chez une personne qui se pr\u00eate \u00e0 une recherche biom\u00e9dicale, que cette manifestation soit li\u00e9e ou non \u00e0 la recherche ou au m\u00e9dicament exp\u00e9rimental sur lequel porte cette recherche.Elle sert principalement de support pour la Haute Autorit\u00e9 de Sant\u00e9 [&hellip;]\" \/>\n<meta property=\"og:url\" content=\"https:\/\/triton.iplesp.upmc.fr\/hepather_ANRS\/la-cohorte\/description-de-la-cohorte\/pharmacovigilance\/\" \/>\n<meta property=\"og:site_name\" content=\"ANRS CO22 HEPATHER\" \/>\n<meta property=\"article:modified_time\" content=\"2022-03-30T12:59:05+00:00\" \/>\n<meta property=\"og:image\" content=\"https:\/\/triton.iplesp.upmc.fr\/hepather_ANRS\/wp-content\/uploads\/2022\/03\/pharmacovigilance.png\" \/>\n<meta name=\"twitter:card\" content=\"summary_large_image\" \/>\n<meta name=\"twitter:label1\" content=\"Dur\u00e9e de lecture estim\u00e9e\" \/>\n\t<meta name=\"twitter:data1\" content=\"2 minutes\" \/>\n<script type=\"application\/ld+json\" class=\"yoast-schema-graph\">{\"@context\":\"https:\/\/schema.org\",\"@graph\":[{\"@type\":\"WebPage\",\"@id\":\"https:\/\/triton.iplesp.upmc.fr\/hepather_ANRS\/la-cohorte\/description-de-la-cohorte\/pharmacovigilance\/\",\"url\":\"https:\/\/triton.iplesp.upmc.fr\/hepather_ANRS\/la-cohorte\/description-de-la-cohorte\/pharmacovigilance\/\",\"name\":\"Pharmacovigilance - ANRS CO22 HEPATHER\",\"isPartOf\":{\"@id\":\"https:\/\/triton.iplesp.upmc.fr\/hepather_ANRS\/#website\"},\"primaryImageOfPage\":{\"@id\":\"https:\/\/triton.iplesp.upmc.fr\/hepather_ANRS\/la-cohorte\/description-de-la-cohorte\/pharmacovigilance\/#primaryimage\"},\"image\":{\"@id\":\"https:\/\/triton.iplesp.upmc.fr\/hepather_ANRS\/la-cohorte\/description-de-la-cohorte\/pharmacovigilance\/#primaryimage\"},\"thumbnailUrl\":\"https:\/\/triton.iplesp.upmc.fr\/hepather_ANRS\/wp-content\/uploads\/2022\/03\/pharmacovigilance.png\",\"datePublished\":\"2018-10-23T11:47:21+00:00\",\"dateModified\":\"2022-03-30T12:59:05+00:00\",\"breadcrumb\":{\"@id\":\"https:\/\/triton.iplesp.upmc.fr\/hepather_ANRS\/la-cohorte\/description-de-la-cohorte\/pharmacovigilance\/#breadcrumb\"},\"inLanguage\":\"fr-FR\",\"potentialAction\":[{\"@type\":\"ReadAction\",\"target\":[\"https:\/\/triton.iplesp.upmc.fr\/hepather_ANRS\/la-cohorte\/description-de-la-cohorte\/pharmacovigilance\/\"]}]},{\"@type\":\"ImageObject\",\"inLanguage\":\"fr-FR\",\"@id\":\"https:\/\/triton.iplesp.upmc.fr\/hepather_ANRS\/la-cohorte\/description-de-la-cohorte\/pharmacovigilance\/#primaryimage\",\"url\":\"https:\/\/i0.wp.com\/triton.iplesp.upmc.fr\/hepather_ANRS\/wp-content\/uploads\/2022\/03\/pharmacovigilance.png?fit=646%2C391&ssl=1\",\"contentUrl\":\"https:\/\/i0.wp.com\/triton.iplesp.upmc.fr\/hepather_ANRS\/wp-content\/uploads\/2022\/03\/pharmacovigilance.png?fit=646%2C391&ssl=1\",\"width\":646,\"height\":391},{\"@type\":\"BreadcrumbList\",\"@id\":\"https:\/\/triton.iplesp.upmc.fr\/hepather_ANRS\/la-cohorte\/description-de-la-cohorte\/pharmacovigilance\/#breadcrumb\",\"itemListElement\":[{\"@type\":\"ListItem\",\"position\":1,\"name\":\"Accueil\",\"item\":\"https:\/\/triton.iplesp.upmc.fr\/hepather_ANRS\/\"},{\"@type\":\"ListItem\",\"position\":2,\"name\":\"La cohorte\",\"item\":\"https:\/\/triton.iplesp.upmc.fr\/hepather_ANRS\/la-cohorte\/\"},{\"@type\":\"ListItem\",\"position\":3,\"name\":\"Description de la cohorte\",\"item\":\"https:\/\/triton.iplesp.upmc.fr\/hepather_ANRS\/la-cohorte\/description-de-la-cohorte\/\"},{\"@type\":\"ListItem\",\"position\":4,\"name\":\"Pharmacovigilance\"}]},{\"@type\":\"WebSite\",\"@id\":\"https:\/\/triton.iplesp.upmc.fr\/hepather_ANRS\/#website\",\"url\":\"https:\/\/triton.iplesp.upmc.fr\/hepather_ANRS\/\",\"name\":\"ANRS CO22 HEPATHER\",\"description\":\"\",\"publisher\":{\"@id\":\"https:\/\/triton.iplesp.upmc.fr\/hepather_ANRS\/#organization\"},\"potentialAction\":[{\"@type\":\"SearchAction\",\"target\":{\"@type\":\"EntryPoint\",\"urlTemplate\":\"https:\/\/triton.iplesp.upmc.fr\/hepather_ANRS\/?s={search_term_string}\"},\"query-input\":{\"@type\":\"PropertyValueSpecification\",\"valueRequired\":true,\"valueName\":\"search_term_string\"}}],\"inLanguage\":\"fr-FR\"},{\"@type\":\"Organization\",\"@id\":\"https:\/\/triton.iplesp.upmc.fr\/hepather_ANRS\/#organization\",\"name\":\"IPLESP UMRS 1136\",\"url\":\"https:\/\/triton.iplesp.upmc.fr\/hepather_ANRS\/\",\"logo\":{\"@type\":\"ImageObject\",\"inLanguage\":\"fr-FR\",\"@id\":\"https:\/\/triton.iplesp.upmc.fr\/hepather_ANRS\/#\/schema\/logo\/image\/\",\"url\":\"https:\/\/i0.wp.com\/triton.iplesp.upmc.fr\/hepather_ANRS\/wp-content\/uploads\/2019\/02\/logoTagline_anrs_white.png?fit=464%2C175&ssl=1\",\"contentUrl\":\"https:\/\/i0.wp.com\/triton.iplesp.upmc.fr\/hepather_ANRS\/wp-content\/uploads\/2019\/02\/logoTagline_anrs_white.png?fit=464%2C175&ssl=1\",\"width\":464,\"height\":175,\"caption\":\"IPLESP UMRS 1136\"},\"image\":{\"@id\":\"https:\/\/triton.iplesp.upmc.fr\/hepather_ANRS\/#\/schema\/logo\/image\/\"}}]}<\/script>\n<!-- \/ Yoast SEO plugin. -->","yoast_head_json":{"title":"Pharmacovigilance - ANRS CO22 HEPATHER","robots":{"index":"index","follow":"follow","max-snippet":"max-snippet:-1","max-image-preview":"max-image-preview:large","max-video-preview":"max-video-preview:-1"},"canonical":"https:\/\/triton.iplesp.upmc.fr\/hepather_ANRS\/la-cohorte\/description-de-la-cohorte\/pharmacovigilance\/","og_locale":"fr_FR","og_type":"article","og_title":"Pharmacovigilance - ANRS CO22 HEPATHER","og_description":"La pharmacovigilance consiste \u00e0 observer les risques li\u00e9s aux m\u00e9dicaments, c&rsquo;est-\u00e0-dire \u00e0 toute manifestation nocive survenant chez une personne qui se pr\u00eate \u00e0 une recherche biom\u00e9dicale, que cette manifestation soit li\u00e9e ou non \u00e0 la recherche ou au m\u00e9dicament exp\u00e9rimental sur lequel porte cette recherche.Elle sert principalement de support pour la Haute Autorit\u00e9 de Sant\u00e9 [&hellip;]","og_url":"https:\/\/triton.iplesp.upmc.fr\/hepather_ANRS\/la-cohorte\/description-de-la-cohorte\/pharmacovigilance\/","og_site_name":"ANRS CO22 HEPATHER","article_modified_time":"2022-03-30T12:59:05+00:00","og_image":[{"url":"https:\/\/triton.iplesp.upmc.fr\/hepather_ANRS\/wp-content\/uploads\/2022\/03\/pharmacovigilance.png","type":"","width":"","height":""}],"twitter_card":"summary_large_image","twitter_misc":{"Dur\u00e9e de lecture estim\u00e9e":"2 minutes"},"schema":{"@context":"https:\/\/schema.org","@graph":[{"@type":"WebPage","@id":"https:\/\/triton.iplesp.upmc.fr\/hepather_ANRS\/la-cohorte\/description-de-la-cohorte\/pharmacovigilance\/","url":"https:\/\/triton.iplesp.upmc.fr\/hepather_ANRS\/la-cohorte\/description-de-la-cohorte\/pharmacovigilance\/","name":"Pharmacovigilance - ANRS CO22 HEPATHER","isPartOf":{"@id":"https:\/\/triton.iplesp.upmc.fr\/hepather_ANRS\/#website"},"primaryImageOfPage":{"@id":"https:\/\/triton.iplesp.upmc.fr\/hepather_ANRS\/la-cohorte\/description-de-la-cohorte\/pharmacovigilance\/#primaryimage"},"image":{"@id":"https:\/\/triton.iplesp.upmc.fr\/hepather_ANRS\/la-cohorte\/description-de-la-cohorte\/pharmacovigilance\/#primaryimage"},"thumbnailUrl":"https:\/\/triton.iplesp.upmc.fr\/hepather_ANRS\/wp-content\/uploads\/2022\/03\/pharmacovigilance.png","datePublished":"2018-10-23T11:47:21+00:00","dateModified":"2022-03-30T12:59:05+00:00","breadcrumb":{"@id":"https:\/\/triton.iplesp.upmc.fr\/hepather_ANRS\/la-cohorte\/description-de-la-cohorte\/pharmacovigilance\/#breadcrumb"},"inLanguage":"fr-FR","potentialAction":[{"@type":"ReadAction","target":["https:\/\/triton.iplesp.upmc.fr\/hepather_ANRS\/la-cohorte\/description-de-la-cohorte\/pharmacovigilance\/"]}]},{"@type":"ImageObject","inLanguage":"fr-FR","@id":"https:\/\/triton.iplesp.upmc.fr\/hepather_ANRS\/la-cohorte\/description-de-la-cohorte\/pharmacovigilance\/#primaryimage","url":"https:\/\/i0.wp.com\/triton.iplesp.upmc.fr\/hepather_ANRS\/wp-content\/uploads\/2022\/03\/pharmacovigilance.png?fit=646%2C391&ssl=1","contentUrl":"https:\/\/i0.wp.com\/triton.iplesp.upmc.fr\/hepather_ANRS\/wp-content\/uploads\/2022\/03\/pharmacovigilance.png?fit=646%2C391&ssl=1","width":646,"height":391},{"@type":"BreadcrumbList","@id":"https:\/\/triton.iplesp.upmc.fr\/hepather_ANRS\/la-cohorte\/description-de-la-cohorte\/pharmacovigilance\/#breadcrumb","itemListElement":[{"@type":"ListItem","position":1,"name":"Accueil","item":"https:\/\/triton.iplesp.upmc.fr\/hepather_ANRS\/"},{"@type":"ListItem","position":2,"name":"La cohorte","item":"https:\/\/triton.iplesp.upmc.fr\/hepather_ANRS\/la-cohorte\/"},{"@type":"ListItem","position":3,"name":"Description de la cohorte","item":"https:\/\/triton.iplesp.upmc.fr\/hepather_ANRS\/la-cohorte\/description-de-la-cohorte\/"},{"@type":"ListItem","position":4,"name":"Pharmacovigilance"}]},{"@type":"WebSite","@id":"https:\/\/triton.iplesp.upmc.fr\/hepather_ANRS\/#website","url":"https:\/\/triton.iplesp.upmc.fr\/hepather_ANRS\/","name":"ANRS CO22 HEPATHER","description":"","publisher":{"@id":"https:\/\/triton.iplesp.upmc.fr\/hepather_ANRS\/#organization"},"potentialAction":[{"@type":"SearchAction","target":{"@type":"EntryPoint","urlTemplate":"https:\/\/triton.iplesp.upmc.fr\/hepather_ANRS\/?s={search_term_string}"},"query-input":{"@type":"PropertyValueSpecification","valueRequired":true,"valueName":"search_term_string"}}],"inLanguage":"fr-FR"},{"@type":"Organization","@id":"https:\/\/triton.iplesp.upmc.fr\/hepather_ANRS\/#organization","name":"IPLESP UMRS 1136","url":"https:\/\/triton.iplesp.upmc.fr\/hepather_ANRS\/","logo":{"@type":"ImageObject","inLanguage":"fr-FR","@id":"https:\/\/triton.iplesp.upmc.fr\/hepather_ANRS\/#\/schema\/logo\/image\/","url":"https:\/\/i0.wp.com\/triton.iplesp.upmc.fr\/hepather_ANRS\/wp-content\/uploads\/2019\/02\/logoTagline_anrs_white.png?fit=464%2C175&ssl=1","contentUrl":"https:\/\/i0.wp.com\/triton.iplesp.upmc.fr\/hepather_ANRS\/wp-content\/uploads\/2019\/02\/logoTagline_anrs_white.png?fit=464%2C175&ssl=1","width":464,"height":175,"caption":"IPLESP UMRS 1136"},"image":{"@id":"https:\/\/triton.iplesp.upmc.fr\/hepather_ANRS\/#\/schema\/logo\/image\/"}}]}},"jetpack_sharing_enabled":true,"jetpack_shortlink":"https:\/\/wp.me\/PaQKc4-h6","jetpack-related-posts":[{"id":1598,"url":"https:\/\/triton.iplesp.upmc.fr\/hepather_ANRS\/la-cohorte\/description-de-la-cohorte\/interets-de-la-cohorte\/","url_meta":{"origin":1060,"position":0},"title":"Int\u00e9r\u00eats de la cohorte","author":"admin_ft","date":"5 novembre 2018","format":false,"excerpt":"HEPATHER, en interaction principalement avec les acteurs de sant\u00e9 publique : \u203a en interactions permanentes avec les autorit\u00e9s de sant\u00e9 \u203a Autorit\u00e9 Nationale de la Sant\u00e9 (HAS) \u203a Agence Nationale de la S\u00e9curit\u00e9 du M\u00e9dicament et des Produits de Sant\u00e9 (ANSM) \u203a Direction de la sant\u00e9 - Minist\u00e8re de la\u2026","rel":"","context":"Article similaire","block_context":{"text":"Article similaire","link":""},"img":{"alt_text":"","src":"","width":0,"height":0},"classes":[]},{"id":1475,"url":"https:\/\/triton.iplesp.upmc.fr\/hepather_ANRS\/la-cohorte\/description-de-la-cohorte\/recueil-de-donnees\/","url_meta":{"origin":1060,"position":1},"title":"Recueil de donn\u00e9es","author":"admin_ft","date":"30 octobre 2018","format":false,"excerpt":"Le recueil de donn\u00e9es se fait lors des consultations cliniques des patients. Le protocole pr\u00e9voit une visite d\u2019inclusion et une visite annuelle pendant 7 \u00e0 8 ans. Toutes les donn\u00e9es sont saisies et centralis\u00e9es dans une base de donn\u00e9es \u00e9lectronique (eCRF de l\u2019\u00e9tude). Lors de la visite d\u2019inclusion, un point\u2026","rel":"","context":"Article similaire","block_context":{"text":"Article similaire","link":""},"img":{"alt_text":"","src":"","width":0,"height":0},"classes":[]},{"id":165,"url":"https:\/\/triton.iplesp.upmc.fr\/hepather_ANRS\/la-cohorte\/description-de-la-cohorte\/","url_meta":{"origin":1060,"position":2},"title":"Description de la cohorte","author":"admin_fchau","date":"24 janvier 2018","format":false,"excerpt":"La cohorte ANRS CO22 Hepather a \u00e9t\u00e9 lanc\u00e9e \u00e0 l\u2019initiative de l\u2019ANRS - France Recherche Nord & Sud Sida-hiv H\u00e9patites, de l\u2019Inserm - Institut national de la sant\u00e9 et de la recherche m\u00e9dicale et de l\u2019Afef - Association Fran\u00e7aise pour l\u2019\u00c9tude du Foie. Elle consiste \u00e0 \u00e9tudier les h\u00e9patites B\u2026","rel":"","context":"Article similaire","block_context":{"text":"Article similaire","link":""},"img":{"alt_text":"","src":"","width":0,"height":0},"classes":[]},{"id":188,"url":"https:\/\/triton.iplesp.upmc.fr\/hepather_ANRS\/espace-patients\/les-etudes-en-cours\/","url_meta":{"origin":1060,"position":3},"title":"Les \u00e9tudes valid\u00e9es par le Conseil scientifique","author":"admin_fchau","date":"24 janvier 2018","format":false,"excerpt":"\/ A MODIFIER \/ Liste des PRS acad\u00e9miques valid\u00e9s : Etude de la qualit\u00e9 de vie des patients affect\u00e9s d'une h\u00e9patite C chronique suivis en\u00a0 consultation hospitali\u00e8re Coordonnateur : Yazdan Yazdanpanah Date de validation : Observatoire national de la r\u00e9sistance du virus de l'h\u00e9patite C aux antiviraux directs (DAA) Les\u2026","rel":"","context":"Article similaire","block_context":{"text":"Article similaire","link":""},"img":{"alt_text":"","src":"https:\/\/i0.wp.com\/triton.u707.jussieu.fr\/hepatherWPpreprod\/wp-content\/uploads\/2019\/01\/pictos_avancement_etude-1-e1546595305448.png?resize=350%2C200&ssl=1","width":350,"height":200},"classes":[]},{"id":182,"url":"https:\/\/triton.iplesp.upmc.fr\/hepather_ANRS\/espace-patients\/comment-est-organisee-linclusion\/","url_meta":{"origin":1060,"position":4},"title":"Comment est organis\u00e9e l\u2019inclusion","author":"admin_fchau","date":"24 janvier 2018","format":false,"excerpt":"Pour participer \u00e0 la cohorte ANRS CO22 Hepather, un patient doit respecter les crit\u00e8res d\u2019\u00e9ligibilit\u00e9 suivant\u00a0: Crit\u00e8res d'inclusion : Patients ayant ou ayant eu une h\u00e9patite B : - h\u00e9patite B chronique d\u00e9finie par un HBsAg, antig\u00e8ne de surface du virus de l\u2019h\u00e9patite B, positif pendant au moins 6 mois,\u2026","rel":"","context":"Article similaire","block_context":{"text":"Article similaire","link":""},"img":{"alt_text":"","src":"","width":0,"height":0},"classes":[]},{"id":835,"url":"https:\/\/triton.iplesp.upmc.fr\/hepather_ANRS\/glossaire\/","url_meta":{"origin":1060,"position":5},"title":"Glossaire","author":"admin_ft","date":"19 octobre 2018","format":false,"excerpt":"AFEF \u2013 Association Fran\u00e7aise pour l\u2019\u00c9tude du Foie L\u2019AFEF \u2013 Association Fran\u00e7aise pour l\u2019\u00c9tude du Foie \u2013 est la Soci\u00e9t\u00e9 Fran\u00e7aise d\u2019H\u00e9patologie qui regroupe l\u2019ensemble des chercheurs et cliniciens impliqu\u00e9s en H\u00e9patologie. Cr\u00e9\u00e9e le 17 novembre 1975, l\u2019AFEF a obtenu le statut d\u2019association reconnue d\u2019utilit\u00e9 publique le 6 janvier 2005.\u2026","rel":"","context":"Article similaire","block_context":{"text":"Article similaire","link":""},"img":{"alt_text":"","src":"","width":0,"height":0},"classes":[]}],"_links":{"self":[{"href":"https:\/\/triton.iplesp.upmc.fr\/hepather_ANRS\/wp-json\/wp\/v2\/pages\/1060","targetHints":{"allow":["GET"]}}],"collection":[{"href":"https:\/\/triton.iplesp.upmc.fr\/hepather_ANRS\/wp-json\/wp\/v2\/pages"}],"about":[{"href":"https:\/\/triton.iplesp.upmc.fr\/hepather_ANRS\/wp-json\/wp\/v2\/types\/page"}],"author":[{"embeddable":true,"href":"https:\/\/triton.iplesp.upmc.fr\/hepather_ANRS\/wp-json\/wp\/v2\/users\/2"}],"replies":[{"embeddable":true,"href":"https:\/\/triton.iplesp.upmc.fr\/hepather_ANRS\/wp-json\/wp\/v2\/comments?post=1060"}],"version-history":[{"count":2,"href":"https:\/\/triton.iplesp.upmc.fr\/hepather_ANRS\/wp-json\/wp\/v2\/pages\/1060\/revisions"}],"predecessor-version":[{"id":3320,"href":"https:\/\/triton.iplesp.upmc.fr\/hepather_ANRS\/wp-json\/wp\/v2\/pages\/1060\/revisions\/3320"}],"up":[{"embeddable":true,"href":"https:\/\/triton.iplesp.upmc.fr\/hepather_ANRS\/wp-json\/wp\/v2\/pages\/165"}],"wp:attachment":[{"href":"https:\/\/triton.iplesp.upmc.fr\/hepather_ANRS\/wp-json\/wp\/v2\/media?parent=1060"}],"curies":[{"name":"wp","href":"https:\/\/api.w.org\/{rel}","templated":true}]}}